 - 46*p - 2*l - 713 = 0, p - 2*l = 133. Calculate the remainder when 295 is divided by p.
5
Suppose 6*z = 3*z - 3*a + 78, -3*z - 5*a = -74. Suppose -3*s = -5*i + 7*i - 34, 0 = s. What is the remainder when z is divided by i?
11
Suppose -2*s + 4*m = -388, 1132 = 5*s - 2*m + 138. Suppose -193*i - 98 = -s*i. Calculate the remainder when i is divided by 3.
2
Suppose -9*w = -62 - 271. Let d = 30 + -27. Suppose -2*q = -d*q + 144. Calculate the remainder when q is divided by w.
33
Suppose -3*n - m = m - 6, 0 = 4*m + 12. Let w(u) = -9*u + 48. Let d = -29 - -60. What is the remainder when d is divided by w(n)?
7
Let j(b) = 5*b**2 + 1. Calculate the remainder when j(-3) is divided by ((-16)/6 + 4 + -1)/((-14)/(-1134)).
19
Suppose -l - 249 = 2*b, 371 = 4*b - 7*b - 4*l. Let o = 217 + b. Suppose 5*r = -5, -5*m = -9*m - 4*r + o. Calculate the remainder when 42 is divided by m.
18
Suppose 6*g - 376 = -2*g. Suppose n - 99 = v, 0 = n - 2*v - g - 53. Calculate the remainder when n is divided by 36.
26
Let c(j) = 4*j**3 - j**2 - 17*j + 109. What is the remainder when 2806 is divided by c(4)?
277
Let r = -1764 + 56. Let f be 4/6 + r/(-12). Let u = f - 51. What is the remainder when u is divided by 16?
12
Let c(v) = -2*v + 5. Let a be c(-1). Suppose 468 = 4*w + 2*x, -6*w + a*w = -2*x + 114. What is the remainder when w is divided by 47?
24
Let k(w) = 7*w + 520. What is the remainder when k(-71) is divided by 2/2 + (-2 - -4)?
2
Suppose 466 = -3*d - 2*x - 584, -693 = 2*d - x. Let c = -71 - d. Calculate the remainder when c is divided by 28.
25
Suppose 1086 = 18*k - 732. Suppose -2*p = i - 165, 2*p - 548 = -3*i - 69. Let y = i + -105. Calculate the remainder when k is divided by y.
49
Let c = 2584 + -1998. What is the remainder when c is divided by 569?
17
Let l(u) = 6*u**3 - 4*u**2 + 3*u + 5. Let i(p) = 2*p**3 + 195*p**2 - 73*p + 2476. What is the remainder when l(4) is divided by i(-98)?
25
Let m(u) = 6*u**2 - 5*u - 16. Let t be m(-9). Let r = t + -335. What is the remainder when r is divided by 61?
58
Let r be ((-2014)/159)/(3*(-2)/(-225)). Calculate the remainder when (-3)/(30/r) - (-6)/(-4) is divided by (6/4)/(3/34).
12
Suppose c - 4*f = -358, c + 4*f + 340 = 2*f. Let d = 493 + c. What is the remainder when d is divided by 37?
36
Let v(i) be the first derivative of -7*i**2 + 2*i - 12. Let r be v(-1). Suppose -k + 2*k - x = 3, 4*x - r = 0. What is the remainder when 26 is divided by k?
5
Suppose 3*i = -3*x + 4*i + 116, -5*x - i = -196. Let c = 41 - x. Suppose -c*a - 1116 = -8*a. Calculate the remainder when a is divided by 47.
45
Suppose -3*r - 972 = 2*r - h, 4*h + 12 = 0. Let o = r + 210. Calculate the remainder when 58 is divided by o.
13
Suppose -3*q = -4*j - 191, 2*q + 22*j = 21*j + 109. Calculate the remainder when 572 is divided by q.
2
Suppose 16*u + 0*u = -96. Let n = u + 493. What is the remainder when n is divided by 98?
95
Let u(b) = 3*b - 42. Let t be u(16). What is the remainder when (-3*303/(-27))/(2/t) is divided by (102/(-9))/(2/(-6))?
33
Suppose -256 = 5*b + 74. Let k = -43 - b. Let p = 91 - -44. What is the remainder when p is divided by k?
20
Let l(z) = -z**3 - 15*z**2 + 15*z + 411. What is the remainder when 909 is divided by l(-14)?
4
Suppose -3*n + 238 = 2*a, -4*a - 12*n + 386 = -15*n. Suppose 0 = v - 6 - 1. What is the remainder when a is divided by v?
6
Let o be (-17)/68 - (-3)/(-24)*-34. Suppose -w - 3*h - 162 = -o*w, 2*h = 4. Calculate the remainder when w is divided by 43.
13
Let s = -394 - -392. What is the remainder when 114 is divided by (-2 - (3 + s))/(129/(-2494))?
56
Suppose 9*t = 7*t, 55 = 5*f + 3*t. Suppose 45 = f*o - 76. Let u(q) = q**2 - 2*q + 4. Calculate the remainder when u(-3) is divided by o.
8
Suppose 6*b = 5*b + 15. Let x = b - -1. Let t = 184 + -156. Calculate the remainder when t is divided by x.
12
Let m be (-17)/(-238) + (-1010)/28. Let i(l) = -2*l**2 + 10*l - 6. Let g be i(6). Let j = g - m. What is the remainder when j is divided by 7?
4
Let a = 4116 - 4095. What is the remainder when 3547 is divided by a?
19
Let i(o) be the second derivative of 9*o + 8*o**2 - 5/3*o**3 + 0. What is the remainder when 63 is divided by i(0)?
15
Calculate the remainder when 1942 is divided by (-60)/(-24)*(-13)/(130/(-36)).
7
Let d = -33 - -65. What is the remainder when 125 is divided by (3 - 3 - -1)*d?
29
Calculate the remainder when 323 is divided by (3*-2)/(-3) + -15 + 37.
11
Suppose 2*m = 5*b + 216, b - 164 + 42 = -m. Calculate the remainder when 698 is divided by m.
108
Suppose 5*t + 25 = 0, 9*g - 4*g = -3*t. Suppose -r - g = 3. What is the remainder when 100 is divided by (-9)/(r + 3) - -31?
32
Let s(a) = -a + 3*a - 10*a - 116. What is the remainder when 39 is divided by s(-16)?
3
Suppose 3935*f = 3934*f + 268. What is the remainder when f is divided by 254?
14
Let q(c) = 4*c**2 - 211*c + 1406. What is the remainder when 454 is divided by q(7)?
79
Let w(n) = n**3 - 11*n**2 - n + 21. Let y be w(11). Suppose -y + 19 = -h. What is the remainder when 25/h - -3 - (-464)/18 is divided by 4?
2
Let s(m) = 11 - 4*m**2 - 2*m - m**3 + 2*m. Suppose -16 + 11 = h. What is the remainder when s(h) is divided by 13?
10
Let t = -38 + 108. Suppose 4*y - 528 = 3*h - 568, 5*y + 51 = 4*h. Calculate the remainder when -3*(t/(-3) - h) is divided by 43.
39
Let v(u) = u**3 - 2*u + 168. Let f(x) = -7*x + 15. Let l be f(7). Calculate the remainder when v(0) is divided by l*(-4)/12*3.
32
Suppose -17*a + 9 = -14*a. Suppose a*f + 2 = 83. Calculate the remainder when (-3)/(-30) - (-1956)/40 is divided by f.
22
Let n(c) = c**3 - 10*c**2 + 9. Suppose -3*w = -4*x - 48 + 152, -4*x + 104 = 6*w. What is the remainder when x is divided by n(10)?
8
Let k = 3702 - 3203. Calculate the remainder when k is divided by 123.
7
Calculate the remainder when -893*(25/(1 + 4) + -8) is divided by 67.
66
Suppose x - 24 = 4*x, 2*r - x = 16294. Calculate the remainder when r is divided by 45.
43
Let r(i) = i**3 + 137*i**2 + 390*i - 1596. What is the remainder when (63/3 + -2)/1 is divided by r(-134)?
7
Suppose 36*v = 953 + 163. Let a(p) = p**3 + 7*p**2 - 7*p - 7. Let k be a(-9). Let l = k + 165. Calculate the remainder when l is divided by v.
28
Let i = -211 - -378. Let r = 187 - i. What is the remainder when 38 is divided by r?
18
Let w = 125 + -106. Suppose -190 = -w*v + 323. Calculate the remainder when v is divided by (-6)/4*176/(-24).
5
Let h = 5498 - 4892. What is the remainder when h is divided by 27?
12
Let g be (-1)/2*(-12)/6. Let a be (g*-2)/((-5)/(-20)). What is the remainder when (164/3)/(a/(-12)) is divided by 12?
10
Let t = 68 - 65. Suppose -l - 2*y + 20 = 0, l - t*y - 23 = 2. Calculate the remainder when l is divided by 15.
7
Suppose 1 - 21 = -4*a. Suppose -3*y = 3*j, -a*j + y + 45 = -3*y. Calculate the remainder when 6 is divided by j.
1
Suppose 0 = 7*a - 3 - 11. Let s(j) = 36*j - 7. Calculate the remainder when s(a) is divided by 22.
21
Let p(n) = -7*n**2 - 1089*n - 383. Calculate the remainder when p(-142) is divided by 116.
115
Let a be -19 + 2 + -1 + 0. Let s = 2339 + -2335. What is the remainder when s is divided by (-22)/a - (-4)/(-18)?
0
Calculate the remainder when 324 is divided by 1325/(-30)*14/(-10) + (-455)/546.
19
Let p(v) = v**2 + 8*v - 25. Let j(o) = o**2 - 24*o + 93. Let r be j(18). Calculate the remainder when p(r) is divided by 34.
12
Let j(x) = -x**3 + 32*x**2 + 136*x + 313. What is the remainder when 39 is divided by j(36)?
14
Let z = -755 + 729. Calculate the remainder when 279 is divided by (-672)/z - (-1)/(13/2).
19
Let t(p) = -p**3 - 3*p**2 + 6*p - 21. Let g be t(-5). Let a(i) = 17*i - 3. Calculate the remainder when a(2) is divided by (g + 2)/(16/(-17) - -1).
14
What is the remainder when 249 is divided by (10/(-15))/(40/(-540))?
6
Suppose 5*z = 4 - 4. Let h(g) = -g + 10. What is the remainder when ((-12)/(-16) + z)*-4*-19 is divided by h(-10)?
17
Let w = -45 - -49. Calculate the remainder when 510 is divided by -7 - (-131)/2 - 6/w.
54
Suppose 103*t - 760 = -29*t + 37*t. What is the remainder when 661 is divided by t?
5
Let l be (-132)/(-33) - -4*5. Suppose l*j = 18*j + 120. Let q(x) = -x**3 - 2*x**2 + 4. What is the remainder when q(-5) is divided by j?
19
Let n = -51 - -56. Suppose -53 = 4*y + 2*j + 7, 2*y - n*j = -30. Let g(c) = -4*